{"id":907,"date":"2023-01-15T19:54:13","date_gmt":"2023-01-15T18:54:13","guid":{"rendered":"https:\/\/jarden.fr\/?post_type=product&#038;p=907"},"modified":"2026-03-12T07:14:09","modified_gmt":"2026-03-12T06:14:09","slug":"presse-mottes-manuel-pour-semis","status":"publish","type":"product","link":"https:\/\/jarden.fr\/index.php\/produit\/presse-mottes-manuel-pour-semis\/","title":{"rendered":"Presse-mottes manuel pour semis"},"content":{"rendered":"","protected":false},"excerpt":{"rendered":"<div id=\"productDescription_feature_div\" class=\"celwidget\" data-feature-name=\"productDescription_EU5\" data-csa-c-id=\"w1bs4j-v5krsw-zeswsa-5c9xkp\" data-cel-widget=\"productDescription_feature_div\">\n<div>\n<div id=\"productDescription_feature_div\" class=\"a-row feature\" data-feature-name=\"productDescription\" data-template-name=\"productDescription\" data-cel-widget=\"productDescription_feature_div\">\n<div id=\"productDescription\" class=\"a-section a-spacing-small\"><\/div>\n<\/div>\n<\/div>\n<\/div>\n<div id=\"ad-display-center-1_feature_div\" class=\"celwidget\" data-feature-name=\"ad-display-center-1\" data-csa-c-id=\"zggdwy-j6nstj-7tezsk-htq2tp\" data-cel-widget=\"ad-display-center-1_feature_div\">Le moment de planter vos semis est arriv\u00e9 ! Gr\u00e2ce au presse-mottes manuel, plus besoin d\u2019acheter tous les ans des pots en plastique ou en tourbe polluants, peu durables et peu \u00e9conomiques. Fabriquez en quelques \u00e9tapes simples et rapides vos mottes de terreau et plantez vos graines. Plus besoin de d\u00e9poter lors de la transplantation et le repiquage en pleine terre : il vous suffit de planter directement vos mottes. Ainsi, vous ne risquez pas d\u2019ab\u00eemer les racines fragiles de vos jeunes plants ! En acier inoxydable ultra r\u00e9sistant, le presse-mottes manuel Jarden ne se d\u00e9forme pas et ne rouille pas. Il vous aidera pour vos semis pendant de nombreuses ann\u00e9es ! Son montage et son utilisation sont simples et rapides. Une notice en fran\u00e7ais vous accompagnera pas \u00e0 pas dans la fabrication de vos premi\u00e8res mottes. Un sachet de graines, choisi au hasard parmi de nombreuses vari\u00e9t\u00e9s, est offert pour l\u2019achat de chaque presse-mottes. Plus besoin d\u2019attendre, plantez vos premiers semis d\u00e8s la r\u00e9ception de votre colis Jarden !<\/div>\n<div id=\"dp-ads-center-promo_feature_div\" class=\"celwidget\" data-feature-name=\"dp-ads-center-promo\" data-csa-c-id=\"tpb9ub-jozx9g-5w3zbi-rnd4dc\" data-cel-widget=\"dp-ads-center-promo_feature_div\"><\/div>\n","protected":false},"featured_media":908,"comment_status":"open","ping_status":"closed","template":"","meta":{"_et_pb_use_builder":"","_et_pb_old_content":"","_et_gb_content_width":"","content-type":""},"product_cat":[46],"product_tag":[],"class_list":["post-907","product","type-product","status-publish","has-post-thumbnail","hentry","product_cat-jardinage"],"yoast_head":"<!-- This site is optimized with the Yoast SEO plugin v18.9 - https:\/\/yoast.com\/wordpress\/plugins\/seo\/ -->\n<title>Presse-mottes manuel pour semis - Jarden<\/title>\n<meta name=\"robots\" content=\"index, follow, max-snippet:-1, max-image-preview:large, max-video-preview:-1\" \/>\n<link rel=\"canonical\" href=\"https:\/\/jarden.fr\/index.php\/produit\/presse-mottes-manuel-pour-semis\/\" \/>\n<meta property=\"og:locale\" content=\"fr_FR\" \/>\n<meta property=\"og:type\" content=\"article\" \/>\n<meta property=\"og:title\" content=\"Presse-mottes manuel pour semis - Jarden\" \/>\n<meta property=\"og:description\" content=\"Le moment de planter vos semis est arriv\u00e9 ! Gr\u00e2ce au presse-mottes manuel, plus besoin d\u2019acheter tous les ans des pots en plastique ou en tourbe polluants, peu durables et peu \u00e9conomiques. Fabriquez en quelques \u00e9tapes simples et rapides vos mottes de terreau et plantez vos graines. Plus besoin de d\u00e9poter lors de la transplantation et le repiquage en pleine terre : il vous suffit de planter directement vos mottes. Ainsi, vous ne risquez pas d\u2019ab\u00eemer les racines fragiles de vos jeunes plants ! En acier inoxydable ultra r\u00e9sistant, le presse-mottes manuel Jarden ne se d\u00e9forme pas et ne rouille pas. Il vous aidera pour vos semis pendant de nombreuses ann\u00e9es ! Son montage et son utilisation sont simples et rapides. Une notice en fran\u00e7ais vous accompagnera pas \u00e0 pas dans la fabrication de vos premi\u00e8res mottes. Un sachet de graines, choisi au hasard parmi de nombreuses vari\u00e9t\u00e9s, est offert pour l\u2019achat de chaque presse-mottes. Plus besoin d\u2019attendre, plantez vos premiers semis d\u00e8s la r\u00e9ception de votre colis Jarden !\" \/>\n<meta property=\"og:url\" content=\"https:\/\/jarden.fr\/index.php\/produit\/presse-mottes-manuel-pour-semis\/\" \/>\n<meta property=\"og:site_name\" content=\"Jarden\" \/>\n<meta property=\"article:modified_time\" content=\"2026-03-12T06:14:09+00:00\" \/>\n<meta property=\"og:image\" content=\"https:\/\/jarden.fr\/wp-content\/uploads\/2023\/01\/1_-fond-blanc-1.jpg\" \/>\n\t<meta property=\"og:image:width\" content=\"2000\" \/>\n\t<meta property=\"og:image:height\" content=\"2000\" \/>\n\t<meta property=\"og:image:type\" content=\"image\/jpeg\" \/>\n<meta name=\"twitter:card\" content=\"summary_large_image\" \/>\n<script type=\"application\/ld+json\" class=\"yoast-schema-graph\">{\"@context\":\"https:\/\/schema.org\",\"@graph\":[{\"@type\":\"WebSite\",\"@id\":\"https:\/\/jarden.fr\/#website\",\"url\":\"https:\/\/jarden.fr\/\",\"name\":\"Jarden\",\"description\":\"Faites de votre chez vous un v\u00e9ritable JARdin d&#039;\u00e9DEN !\",\"potentialAction\":[{\"@type\":\"SearchAction\",\"target\":{\"@type\":\"EntryPoint\",\"urlTemplate\":\"https:\/\/jarden.fr\/?s={search_term_string}\"},\"query-input\":\"required name=search_term_string\"}],\"inLanguage\":\"fr-FR\"},{\"@type\":\"ImageObject\",\"inLanguage\":\"fr-FR\",\"@id\":\"https:\/\/jarden.fr\/index.php\/produit\/presse-mottes-manuel-pour-semis\/#primaryimage\",\"url\":\"https:\/\/jarden.fr\/wp-content\/uploads\/2023\/01\/1_-fond-blanc-1.jpg\",\"contentUrl\":\"https:\/\/jarden.fr\/wp-content\/uploads\/2023\/01\/1_-fond-blanc-1.jpg\",\"width\":2000,\"height\":2000,\"caption\":\"Presse-mottes manuel\"},{\"@type\":\"WebPage\",\"@id\":\"https:\/\/jarden.fr\/index.php\/produit\/presse-mottes-manuel-pour-semis\/#webpage\",\"url\":\"https:\/\/jarden.fr\/index.php\/produit\/presse-mottes-manuel-pour-semis\/\",\"name\":\"Presse-mottes manuel pour semis - Jarden\",\"isPartOf\":{\"@id\":\"https:\/\/jarden.fr\/#website\"},\"primaryImageOfPage\":{\"@id\":\"https:\/\/jarden.fr\/index.php\/produit\/presse-mottes-manuel-pour-semis\/#primaryimage\"},\"datePublished\":\"2023-01-15T18:54:13+00:00\",\"dateModified\":\"2026-03-12T06:14:09+00:00\",\"breadcrumb\":{\"@id\":\"https:\/\/jarden.fr\/index.php\/produit\/presse-mottes-manuel-pour-semis\/#breadcrumb\"},\"inLanguage\":\"fr-FR\",\"potentialAction\":[{\"@type\":\"ReadAction\",\"target\":[\"https:\/\/jarden.fr\/index.php\/produit\/presse-mottes-manuel-pour-semis\/\"]}]},{\"@type\":\"BreadcrumbList\",\"@id\":\"https:\/\/jarden.fr\/index.php\/produit\/presse-mottes-manuel-pour-semis\/#breadcrumb\",\"itemListElement\":[{\"@type\":\"ListItem\",\"position\":1,\"name\":\"Accueil\",\"item\":\"https:\/\/jarden.fr\/\"},{\"@type\":\"ListItem\",\"position\":2,\"name\":\"\"},{\"@type\":\"ListItem\",\"position\":3,\"name\":\"Presse-mottes manuel pour semis\"}]}]}<\/script>\n<!-- \/ Yoast SEO plugin. -->","yoast_head_json":{"title":"Presse-mottes manuel pour semis - Jarden","robots":{"index":"index","follow":"follow","max-snippet":"max-snippet:-1","max-image-preview":"max-image-preview:large","max-video-preview":"max-video-preview:-1"},"canonical":"https:\/\/jarden.fr\/index.php\/produit\/presse-mottes-manuel-pour-semis\/","og_locale":"fr_FR","og_type":"article","og_title":"Presse-mottes manuel pour semis - Jarden","og_description":"Le moment de planter vos semis est arriv\u00e9 ! Gr\u00e2ce au presse-mottes manuel, plus besoin d\u2019acheter tous les ans des pots en plastique ou en tourbe polluants, peu durables et peu \u00e9conomiques. Fabriquez en quelques \u00e9tapes simples et rapides vos mottes de terreau et plantez vos graines. Plus besoin de d\u00e9poter lors de la transplantation et le repiquage en pleine terre : il vous suffit de planter directement vos mottes. Ainsi, vous ne risquez pas d\u2019ab\u00eemer les racines fragiles de vos jeunes plants ! En acier inoxydable ultra r\u00e9sistant, le presse-mottes manuel Jarden ne se d\u00e9forme pas et ne rouille pas. Il vous aidera pour vos semis pendant de nombreuses ann\u00e9es ! Son montage et son utilisation sont simples et rapides. Une notice en fran\u00e7ais vous accompagnera pas \u00e0 pas dans la fabrication de vos premi\u00e8res mottes. Un sachet de graines, choisi au hasard parmi de nombreuses vari\u00e9t\u00e9s, est offert pour l\u2019achat de chaque presse-mottes. Plus besoin d\u2019attendre, plantez vos premiers semis d\u00e8s la r\u00e9ception de votre colis Jarden !","og_url":"https:\/\/jarden.fr\/index.php\/produit\/presse-mottes-manuel-pour-semis\/","og_site_name":"Jarden","article_modified_time":"2026-03-12T06:14:09+00:00","og_image":[{"width":2000,"height":2000,"url":"https:\/\/jarden.fr\/wp-content\/uploads\/2023\/01\/1_-fond-blanc-1.jpg","type":"image\/jpeg"}],"twitter_card":"summary_large_image","schema":{"@context":"https:\/\/schema.org","@graph":[{"@type":"WebSite","@id":"https:\/\/jarden.fr\/#website","url":"https:\/\/jarden.fr\/","name":"Jarden","description":"Faites de votre chez vous un v\u00e9ritable JARdin d&#039;\u00e9DEN !","potentialAction":[{"@type":"SearchAction","target":{"@type":"EntryPoint","urlTemplate":"https:\/\/jarden.fr\/?s={search_term_string}"},"query-input":"required name=search_term_string"}],"inLanguage":"fr-FR"},{"@type":"ImageObject","inLanguage":"fr-FR","@id":"https:\/\/jarden.fr\/index.php\/produit\/presse-mottes-manuel-pour-semis\/#primaryimage","url":"https:\/\/jarden.fr\/wp-content\/uploads\/2023\/01\/1_-fond-blanc-1.jpg","contentUrl":"https:\/\/jarden.fr\/wp-content\/uploads\/2023\/01\/1_-fond-blanc-1.jpg","width":2000,"height":2000,"caption":"Presse-mottes manuel"},{"@type":"WebPage","@id":"https:\/\/jarden.fr\/index.php\/produit\/presse-mottes-manuel-pour-semis\/#webpage","url":"https:\/\/jarden.fr\/index.php\/produit\/presse-mottes-manuel-pour-semis\/","name":"Presse-mottes manuel pour semis - Jarden","isPartOf":{"@id":"https:\/\/jarden.fr\/#website"},"primaryImageOfPage":{"@id":"https:\/\/jarden.fr\/index.php\/produit\/presse-mottes-manuel-pour-semis\/#primaryimage"},"datePublished":"2023-01-15T18:54:13+00:00","dateModified":"2026-03-12T06:14:09+00:00","breadcrumb":{"@id":"https:\/\/jarden.fr\/index.php\/produit\/presse-mottes-manuel-pour-semis\/#breadcrumb"},"inLanguage":"fr-FR","potentialAction":[{"@type":"ReadAction","target":["https:\/\/jarden.fr\/index.php\/produit\/presse-mottes-manuel-pour-semis\/"]}]},{"@type":"BreadcrumbList","@id":"https:\/\/jarden.fr\/index.php\/produit\/presse-mottes-manuel-pour-semis\/#breadcrumb","itemListElement":[{"@type":"ListItem","position":1,"name":"Accueil","item":"https:\/\/jarden.fr\/"},{"@type":"ListItem","position":2,"name":""},{"@type":"ListItem","position":3,"name":"Presse-mottes manuel pour semis"}]}]}},"_links":{"self":[{"href":"https:\/\/jarden.fr\/index.php\/wp-json\/wp\/v2\/product\/907","targetHints":{"allow":["GET"]}}],"collection":[{"href":"https:\/\/jarden.fr\/index.php\/wp-json\/wp\/v2\/product"}],"about":[{"href":"https:\/\/jarden.fr\/index.php\/wp-json\/wp\/v2\/types\/product"}],"replies":[{"embeddable":true,"href":"https:\/\/jarden.fr\/index.php\/wp-json\/wp\/v2\/comments?post=907"}],"wp:featuredmedia":[{"embeddable":true,"href":"https:\/\/jarden.fr\/index.php\/wp-json\/wp\/v2\/media\/908"}],"wp:attachment":[{"href":"https:\/\/jarden.fr\/index.php\/wp-json\/wp\/v2\/media?parent=907"}],"wp:term":[{"taxonomy":"product_cat","embeddable":true,"href":"https:\/\/jarden.fr\/index.php\/wp-json\/wp\/v2\/product_cat?post=907"},{"taxonomy":"product_tag","embeddable":true,"href":"https:\/\/jarden.fr\/index.php\/wp-json\/wp\/v2\/product_tag?post=907"}],"curies":[{"name":"wp","href":"https:\/\/api.w.org\/{rel}","templated":true}]}}