{"id":667,"date":"2022-08-01T13:47:39","date_gmt":"2022-08-01T11:47:39","guid":{"rendered":"https:\/\/jarden.fr\/?post_type=product&#038;p=667"},"modified":"2023-01-15T20:01:57","modified_gmt":"2023-01-15T19:01:57","slug":"kit-de-signalisation-panneau-propriete-privee","status":"publish","type":"product","link":"https:\/\/jarden.fr\/index.php\/produit\/kit-de-signalisation-panneau-propriete-privee\/","title":{"rendered":"Kit de signalisation : 1 panneau rond \u201cPropri\u00e9t\u00e9 priv\u00e9e\u201d en aluminium 30&#215;30 cm + 1 cha\u00eene en plastique de 10m de long"},"content":{"rendered":"<p>Marre des intrusions, volontaires ou involontaires, sur votre terrain, votre parking, votre cours, votre chemin priv\u00e9 ou m\u00eame votre jardin ? Mettez en place une signalisation compl\u00e8te sans \u00e9quivoque, ultra r\u00e9sistante et visible de loin gr\u00e2ce au set Jarden contenant un panneau \u201cPropri\u00e9t\u00e9 priv\u00e9e\u201d et une cha\u00eene dissuasive en plastique rouge et blanc. Garantissez la s\u00e9curit\u00e9 de votre propri\u00e9t\u00e9 en accrochant la plaque perfor\u00e9e en aluminium durable sur n\u2019importe quelle surface (porte, portail, grillage, poteau, mur, arbre\u2026) et la barri\u00e8re en plastique rouge et blanc. Un affichage clair et complet pour rappeler \u00e0 tous la d\u00e9fense d\u2019entrer et de stationner, et pour dire stop aux intrusions.<\/p>\n<p><strong>Caract\u00e9ristiques :<\/strong><\/p>\n<ul>\n<li>aluminium 1mm d&rsquo;\u00e9paisseur<\/li>\n<li>panneau rond de 30&#215;30 cm<\/li>\n<li>filtre anti UV<\/li>\n<li>filtre r\u00e9tro-r\u00e9flechissant<\/li>\n<li>2 trous de fixation perc\u00e9s<\/li>\n<\/ul>\n<p>&nbsp;<\/p>\n<ul>\n<li>plastique blanc et rouge<\/li>\n<li>10 m de long<\/li>\n<li>maillons de 6 mm d&rsquo;\u00e9paisseur<\/li>\n<\/ul>\n","protected":false},"excerpt":{"rendered":"<p>Marre des intrusions, volontaires ou involontaires, sur votre terrain, votre parking, votre cours, votre chemin priv\u00e9 ou m\u00eame votre jardin ? Mettez en place une signalisation compl\u00e8te sans \u00e9quivoque, ultra r\u00e9sistante et visible de loin gr\u00e2ce au set Jarden contenant un panneau \u201cPropri\u00e9t\u00e9 priv\u00e9e\u201d et une cha\u00eene dissuasive en plastique rouge et blanc. Garantissez la [&hellip;]<\/p>\n","protected":false},"featured_media":668,"comment_status":"open","ping_status":"closed","template":"","meta":{"_et_pb_use_builder":"","_et_pb_old_content":"","_et_gb_content_width":"","content-type":""},"product_cat":[47],"product_tag":[],"class_list":["post-667","product","type-product","status-publish","has-post-thumbnail","hentry","product_cat-amenagement-exterieur"],"yoast_head":"<!-- This site is optimized with the Yoast SEO plugin v18.9 - https:\/\/yoast.com\/wordpress\/plugins\/seo\/ -->\n<title>Kit de signalisation : 1 panneau rond \u201cPropri\u00e9t\u00e9 priv\u00e9e\u201d en aluminium 30x30 cm + 1 cha\u00eene en plastique de 10m de long - Jarden<\/title>\n<meta name=\"robots\" content=\"index, follow, max-snippet:-1, max-image-preview:large, max-video-preview:-1\" \/>\n<link rel=\"canonical\" href=\"https:\/\/jarden.fr\/index.php\/produit\/kit-de-signalisation-panneau-propriete-privee\/\" \/>\n<meta property=\"og:locale\" content=\"fr_FR\" \/>\n<meta property=\"og:type\" content=\"article\" \/>\n<meta property=\"og:title\" content=\"Kit de signalisation : 1 panneau rond \u201cPropri\u00e9t\u00e9 priv\u00e9e\u201d en aluminium 30x30 cm + 1 cha\u00eene en plastique de 10m de long - Jarden\" \/>\n<meta property=\"og:description\" content=\"Marre des intrusions, volontaires ou involontaires, sur votre terrain, votre parking, votre cours, votre chemin priv\u00e9 ou m\u00eame votre jardin ? Mettez en place une signalisation compl\u00e8te sans \u00e9quivoque, ultra r\u00e9sistante et visible de loin gr\u00e2ce au set Jarden contenant un panneau \u201cPropri\u00e9t\u00e9 priv\u00e9e\u201d et une cha\u00eene dissuasive en plastique rouge et blanc. Garantissez la [&hellip;]\" \/>\n<meta property=\"og:url\" content=\"https:\/\/jarden.fr\/index.php\/produit\/kit-de-signalisation-panneau-propriete-privee\/\" \/>\n<meta property=\"og:site_name\" content=\"Jarden\" \/>\n<meta property=\"article:modified_time\" content=\"2023-01-15T19:01:57+00:00\" \/>\n<meta property=\"og:image\" content=\"https:\/\/jarden.fr\/wp-content\/uploads\/2022\/08\/1.jpg\" \/>\n\t<meta property=\"og:image:width\" content=\"2000\" \/>\n\t<meta property=\"og:image:height\" content=\"2000\" \/>\n\t<meta property=\"og:image:type\" content=\"image\/jpeg\" \/>\n<meta name=\"twitter:card\" content=\"summary_large_image\" \/>\n<meta name=\"twitter:label1\" content=\"Dur\u00e9e de lecture estim\u00e9e\" \/>\n\t<meta name=\"twitter:data1\" content=\"1 minute\" \/>\n<script type=\"application\/ld+json\" class=\"yoast-schema-graph\">{\"@context\":\"https:\/\/schema.org\",\"@graph\":[{\"@type\":\"WebSite\",\"@id\":\"https:\/\/jarden.fr\/#website\",\"url\":\"https:\/\/jarden.fr\/\",\"name\":\"Jarden\",\"description\":\"Faites de votre chez vous un v\u00e9ritable JARdin d&#039;\u00e9DEN !\",\"potentialAction\":[{\"@type\":\"SearchAction\",\"target\":{\"@type\":\"EntryPoint\",\"urlTemplate\":\"https:\/\/jarden.fr\/?s={search_term_string}\"},\"query-input\":\"required name=search_term_string\"}],\"inLanguage\":\"fr-FR\"},{\"@type\":\"ImageObject\",\"inLanguage\":\"fr-FR\",\"@id\":\"https:\/\/jarden.fr\/index.php\/produit\/kit-de-signalisation-panneau-propriete-privee\/#primaryimage\",\"url\":\"https:\/\/jarden.fr\/wp-content\/uploads\/2022\/08\/1.jpg\",\"contentUrl\":\"https:\/\/jarden.fr\/wp-content\/uploads\/2022\/08\/1.jpg\",\"width\":2000,\"height\":2000,\"caption\":\"Kit de signalisation : panneau + cha\u00eene\"},{\"@type\":\"WebPage\",\"@id\":\"https:\/\/jarden.fr\/index.php\/produit\/kit-de-signalisation-panneau-propriete-privee\/#webpage\",\"url\":\"https:\/\/jarden.fr\/index.php\/produit\/kit-de-signalisation-panneau-propriete-privee\/\",\"name\":\"Kit de signalisation : 1 panneau rond \u201cPropri\u00e9t\u00e9 priv\u00e9e\u201d en aluminium 30x30 cm + 1 cha\u00eene en plastique de 10m de long - Jarden\",\"isPartOf\":{\"@id\":\"https:\/\/jarden.fr\/#website\"},\"primaryImageOfPage\":{\"@id\":\"https:\/\/jarden.fr\/index.php\/produit\/kit-de-signalisation-panneau-propriete-privee\/#primaryimage\"},\"datePublished\":\"2022-08-01T11:47:39+00:00\",\"dateModified\":\"2023-01-15T19:01:57+00:00\",\"breadcrumb\":{\"@id\":\"https:\/\/jarden.fr\/index.php\/produit\/kit-de-signalisation-panneau-propriete-privee\/#breadcrumb\"},\"inLanguage\":\"fr-FR\",\"potentialAction\":[{\"@type\":\"ReadAction\",\"target\":[\"https:\/\/jarden.fr\/index.php\/produit\/kit-de-signalisation-panneau-propriete-privee\/\"]}]},{\"@type\":\"BreadcrumbList\",\"@id\":\"https:\/\/jarden.fr\/index.php\/produit\/kit-de-signalisation-panneau-propriete-privee\/#breadcrumb\",\"itemListElement\":[{\"@type\":\"ListItem\",\"position\":1,\"name\":\"Accueil\",\"item\":\"https:\/\/jarden.fr\/\"},{\"@type\":\"ListItem\",\"position\":2,\"name\":\"\"},{\"@type\":\"ListItem\",\"position\":3,\"name\":\"Kit de signalisation : 1 panneau rond \u201cPropri\u00e9t\u00e9 priv\u00e9e\u201d en aluminium 30&#215;30 cm + 1 cha\u00eene en plastique de 10m de long\"}]}]}<\/script>\n<!-- \/ Yoast SEO plugin. -->","yoast_head_json":{"title":"Kit de signalisation : 1 panneau rond \u201cPropri\u00e9t\u00e9 priv\u00e9e\u201d en aluminium 30x30 cm + 1 cha\u00eene en plastique de 10m de long - Jarden","robots":{"index":"index","follow":"follow","max-snippet":"max-snippet:-1","max-image-preview":"max-image-preview:large","max-video-preview":"max-video-preview:-1"},"canonical":"https:\/\/jarden.fr\/index.php\/produit\/kit-de-signalisation-panneau-propriete-privee\/","og_locale":"fr_FR","og_type":"article","og_title":"Kit de signalisation : 1 panneau rond \u201cPropri\u00e9t\u00e9 priv\u00e9e\u201d en aluminium 30x30 cm + 1 cha\u00eene en plastique de 10m de long - Jarden","og_description":"Marre des intrusions, volontaires ou involontaires, sur votre terrain, votre parking, votre cours, votre chemin priv\u00e9 ou m\u00eame votre jardin ? Mettez en place une signalisation compl\u00e8te sans \u00e9quivoque, ultra r\u00e9sistante et visible de loin gr\u00e2ce au set Jarden contenant un panneau \u201cPropri\u00e9t\u00e9 priv\u00e9e\u201d et une cha\u00eene dissuasive en plastique rouge et blanc. Garantissez la [&hellip;]","og_url":"https:\/\/jarden.fr\/index.php\/produit\/kit-de-signalisation-panneau-propriete-privee\/","og_site_name":"Jarden","article_modified_time":"2023-01-15T19:01:57+00:00","og_image":[{"width":2000,"height":2000,"url":"https:\/\/jarden.fr\/wp-content\/uploads\/2022\/08\/1.jpg","type":"image\/jpeg"}],"twitter_card":"summary_large_image","twitter_misc":{"Dur\u00e9e de lecture estim\u00e9e":"1 minute"},"schema":{"@context":"https:\/\/schema.org","@graph":[{"@type":"WebSite","@id":"https:\/\/jarden.fr\/#website","url":"https:\/\/jarden.fr\/","name":"Jarden","description":"Faites de votre chez vous un v\u00e9ritable JARdin d&#039;\u00e9DEN !","potentialAction":[{"@type":"SearchAction","target":{"@type":"EntryPoint","urlTemplate":"https:\/\/jarden.fr\/?s={search_term_string}"},"query-input":"required name=search_term_string"}],"inLanguage":"fr-FR"},{"@type":"ImageObject","inLanguage":"fr-FR","@id":"https:\/\/jarden.fr\/index.php\/produit\/kit-de-signalisation-panneau-propriete-privee\/#primaryimage","url":"https:\/\/jarden.fr\/wp-content\/uploads\/2022\/08\/1.jpg","contentUrl":"https:\/\/jarden.fr\/wp-content\/uploads\/2022\/08\/1.jpg","width":2000,"height":2000,"caption":"Kit de signalisation : panneau + cha\u00eene"},{"@type":"WebPage","@id":"https:\/\/jarden.fr\/index.php\/produit\/kit-de-signalisation-panneau-propriete-privee\/#webpage","url":"https:\/\/jarden.fr\/index.php\/produit\/kit-de-signalisation-panneau-propriete-privee\/","name":"Kit de signalisation : 1 panneau rond \u201cPropri\u00e9t\u00e9 priv\u00e9e\u201d en aluminium 30x30 cm + 1 cha\u00eene en plastique de 10m de long - Jarden","isPartOf":{"@id":"https:\/\/jarden.fr\/#website"},"primaryImageOfPage":{"@id":"https:\/\/jarden.fr\/index.php\/produit\/kit-de-signalisation-panneau-propriete-privee\/#primaryimage"},"datePublished":"2022-08-01T11:47:39+00:00","dateModified":"2023-01-15T19:01:57+00:00","breadcrumb":{"@id":"https:\/\/jarden.fr\/index.php\/produit\/kit-de-signalisation-panneau-propriete-privee\/#breadcrumb"},"inLanguage":"fr-FR","potentialAction":[{"@type":"ReadAction","target":["https:\/\/jarden.fr\/index.php\/produit\/kit-de-signalisation-panneau-propriete-privee\/"]}]},{"@type":"BreadcrumbList","@id":"https:\/\/jarden.fr\/index.php\/produit\/kit-de-signalisation-panneau-propriete-privee\/#breadcrumb","itemListElement":[{"@type":"ListItem","position":1,"name":"Accueil","item":"https:\/\/jarden.fr\/"},{"@type":"ListItem","position":2,"name":""},{"@type":"ListItem","position":3,"name":"Kit de signalisation : 1 panneau rond \u201cPropri\u00e9t\u00e9 priv\u00e9e\u201d en aluminium 30&#215;30 cm + 1 cha\u00eene en plastique de 10m de long"}]}]}},"_links":{"self":[{"href":"https:\/\/jarden.fr\/index.php\/wp-json\/wp\/v2\/product\/667","targetHints":{"allow":["GET"]}}],"collection":[{"href":"https:\/\/jarden.fr\/index.php\/wp-json\/wp\/v2\/product"}],"about":[{"href":"https:\/\/jarden.fr\/index.php\/wp-json\/wp\/v2\/types\/product"}],"replies":[{"embeddable":true,"href":"https:\/\/jarden.fr\/index.php\/wp-json\/wp\/v2\/comments?post=667"}],"wp:featuredmedia":[{"embeddable":true,"href":"https:\/\/jarden.fr\/index.php\/wp-json\/wp\/v2\/media\/668"}],"wp:attachment":[{"href":"https:\/\/jarden.fr\/index.php\/wp-json\/wp\/v2\/media?parent=667"}],"wp:term":[{"taxonomy":"product_cat","embeddable":true,"href":"https:\/\/jarden.fr\/index.php\/wp-json\/wp\/v2\/product_cat?post=667"},{"taxonomy":"product_tag","embeddable":true,"href":"https:\/\/jarden.fr\/index.php\/wp-json\/wp\/v2\/product_tag?post=667"}],"curies":[{"name":"wp","href":"https:\/\/api.w.org\/{rel}","templated":true}]}}